b is divided by 9.
4
Suppose 0 = 9*a - 70 - 20. Suppose -a*i + 310 + 170 = 0. What is the remainder when i is divided by 10 - 0*(-1)/2?
8
Let q(i) = -8*i - 3 - 62 + i**2 - 14. What is the remainder when 64 is divided by q(-7)?
12
Calculate the remainder when 0 + (-6)/39 - (515634/(-182) + 19) is divided by 56.
14
Let b(j) = -3*j**2 - 15*j - 48. Let x be b(15). What is the remainder when 300 is divided by 12/20 + (-5 - x/20)?
42
Let z be (-10)/(-4) + ((-6)/(-4))/(-1). What is the remainder when 292 is divided by 107 + (-23 - z)/4?
90
Suppose -1075 = -2*b + 82*y - 87*y, -4*b - 3*y = -2185. What is the remainder when b is divided by 190?
170
Suppose -22*w + 43 = -45. Calculate the remainder when 1432/3 - (w/3 - 2) is divided by 12.
10
Let n(f) = -70*f**3 - 8*f**2 + 49*f + 243. Calculate the remainder when n(-4) is divided by 44.
43
Let v be ((-16)/5)/(38/10 - 4). Let f = 11 + v. Let n = f + -10. What is the remainder when 26 is divided by n?
9
Let g = -203 + 200. What is the remainder when 1 + 38 + -2 + (g - 1) is divided by 7?
5
What is the remainder when 1 + 0 + 21 - -2 is divided by ((-3 - -27) + -6)*106/212?
6
Suppose 0 = -4*u + 21*u - 4335. Let k = 315 - u. What is the remainder when 234 is divided by k?
54
Suppose 97*d - 83*d = 77*d - 18837. What is the remainder when 607 is divided by d?
9
Calculate the remainder when ((-47)/3)/((-1)/15) is divided by 7/(42/(-12))*(-24957)/423.
117
Suppose -23*y + 38 = -21*y. Let b(m) = m**3 - 9*m**2 - 10*m + 9. Let i be b(8). Let n = -64 - i. What is the remainder when n is divided by y?
14
Suppose k - 12*k = 6*k - 323. Calculate the remainder when 208 is divided by k.
18
Let t(r) = -r + 14. Let x(a) = a - 13. Let u(i) = 6*t(i) + 7*x(i). Let z(d) = d**3 - 6*d**2 + 6*d - 1. Calculate the remainder when u(14) is divided by z(5).
3
Suppose -2626 - 3108 = -31*m - 1053. Calculate the remainder when m is divided by 37.
3
Let i = -64 + 77. Suppose -4*v - 10*n + 41 = -i*n, 5 = 5*n. What is the remainder when -4*(-2 - (-19)/(-4)) is divided by v?
5
Let u be ((-57)/21 - -3)/(1/7). Suppose -u*r = -g - 437, -4*r + 3*r = 4*g - 241. What is the remainder when r is divided by 15*(-5 + 2)/(-1)?
41
Let a(h) = -11*h**3 + 28*h**2 - 7*h + 1. Calculate the remainder when 1907 is divided by a(2).
4
Suppose -4*i = 126 - 370. Let a be 3 - 24/(-3) - 1. Let w = i + a. What is the remainder when w is divided by 18?
17
Calculate the remainder when (-48)/(-112) + (384912/28)/12 is divided by 234.
210
Let p = 58 - 26. Suppose -4*f = 4*b - 44, -2*f - 2 = -b + 15. Calculate the remainder when p is divided by b.
6
Let d(q) = 303*q + 3951. What is the remainder when 944 is divided by d(-12)?
314
Calculate the remainder when 802 is divided by -12 + 25 - (-74 + -3).
82
Let m(x) = -x**3 + 28*x**2 + 9*x - 44. Suppose -g + 22 = -8. Calculate the remainder when m(28) is divided by g.
28
Let d(i) = i**3 + 19*i**2 - 8*i. Calculate the remainder when d(-8) is divided by 156.
144
Suppose 160 = 5*u - 2*v, 4*u - 7*v - 128 = -6*v. Suppose 29*g - 8662 = -u*g. Calculate the remainder when g is divided by 43.
13
Suppose -2 = -c + 2*a - 4, 4*a = c + 8. Suppose 48 = c*s - 0*s - 3*g, -4*g + 12 = s. Let i = s - -14. What is the remainder when 102 is divided by i?
24
Let u(t) = -12*t**3 - 3*t**2 - 3*t - 1. Let i be u(-1). Suppose i*y + y = 348. Calculate the remainder when 57 is divided by y.
28
Suppose 0 = h + 56 - 883. Suppose h = 10*x - 43. Calculate the remainder when x is divided by 28.
3
Suppose -n + 6 - 2 = 0. What is the remainder when 166 is divided by ((-2)/3)/(n/(-126))?
19
Suppose 104*s = 46*s + 638. What is the remainder when 73 is divided by s?
7
Let q(u) = 2*u**2 + 7*u - 7. Suppose -31*r + 40 + 766 = 0. Suppose r*l - 886 = 1376. Calculate the remainder when l is divided by q(-6).
18
Let d = 5601 + -5549. What is the remainder when 829 is divided by d?
49
Let t(y) = y**2 - 4*y - 15. Let p be t(-9). Suppose -p = 2*w - 104. What is the remainder when 5 is divided by w?
0
Let a = -625 + 115. Calculate the remainder when 33 is divided by ((-4)/(-32)*4)/((-15)/a).
16
Suppose -2*j = -2*a - 154, 6*j - 2*j - 300 = 2*a. Let k be 2/3 - j/(-3). Calculate the remainder when k + (8/(-16))/((-1)/(-2)) is divided by 9.
6
Let g(o) = -o**3 - o + 329. Let q(d) = -2*d**3 + d**2 - 2*d + 657. Let x(s) = 5*g(s) - 2*q(s). Calculate the remainder when x(0) is divided by 9.
7
Let t(k) = -6*k + 14. Let r(o) = o. Let p(b) = 5*r(b) + t(b). Let m be p(10). Let a = m + 10. What is the remainder when 39 is divided by a?
11
Suppose -406*v + 403*v + 21 = 0. Let s(h) = -21*h. What is the remainder when s(-1) is divided by v?
0
What is the remainder when 1441 is divided by 16/2 - (-16 + 6 - 19)?
35
Suppose -4*s + 16 = 0, 0*y - 23 = -3*y - 5*s. Let j be (-75)/15 - (y + -4). Let r = j - -35. What is the remainder when r is divided by 6?
3
Let q be ((-208)/(-52))/(8/6). Suppose 3*v + 487 = 5*v + k, 5*k = -q*v + 741. Calculate the remainder when v is divided by 49.
46
Suppose 158*t - 153*t + r = 1045, 5*t + 2*r = 1040. What is the remainder when t is divided by 75?
60
Let z = 3209 + -2964. What is the remainder when 1474 is divided by z?
4
Calculate the remainder when 394 is divided by ((-388)/8)/((-2)/(-8)*-2).
6
Suppose 2*a + 46 = 2*g, 3*g - 22 - 39 = a. Let n be 27/((-3)/1) + 2. Let f = n - -34. Calculate the remainder when f is divided by g.
8
Suppose 0 = 5*b - h - 21, -4*b + 6*h = 8*h - 14. Suppose 4*l = 75 + 49. What is the remainder when l is divided by (b*(2 - 1))/((-6)/(-18))?
7
Suppose 5*s - 85 - 5 = 0. Calculate the remainder when s is divided by 126/10 + 1 - 30/(-75).
4
Suppose 0 = 5*q - 134 - 36. Suppose 6 - 18 = -3*p. What is the remainder when (-4)/(p/(-131)) - -1 is divided by q?
30
Suppose -2978 = -178*i + 226. What is the remainder when 14145 is divided by i?
15
Suppose -6*n + 5 + 25 = 0. Suppose -306 = -n*s + 2*g, -s - g = -22 - 35. What is the remainder when s is divided by 16?
12
Suppose 2 = w - 1. Suppose 2*x - 3 + w = 0. Suppose -17*g + 12*g + 115 = x. Calculate the remainder when g is divided by 13.
10
Let b(x) = x**2 - 74*x + 1087. What is the remainder when 246 is divided by b(56)?
9
Let s = 20876 - 20802. Calculate the remainder when 3918 is divided by s.
70
What is the remainder when -11*(-4)/154 - (-3945)/35 is divided by -172*-1*1/4?
27
Let z = -7708 + 7886. Calculate the remainder when 514 is divided by z.
158
Suppose -171*b = 107*b - 39*b - 775794. What is the remainder when b is divided by 250?
246
What is the remainder when 290 is divided by ((-16)/(-2))/(-9 + 7)*54/(-8)?
20
Let u = 120 - -157. Let g = -22 - -24. Calculate the remainder when u is divided by (-25)/(-5) + 55 - 2*g.
53
Let q(k) = -1791*k + 3620. What is the remainder when 3571 is divided by q(2)?
37
Suppose 2*z = -o + 501, 3*z - 7*z + 3*o = -987. What is the remainder when z is divided by 38?
21
Let m be 6/(10/((-70)/(-21))). Suppose 0 = -3*x + 3*b + 27 + 33, x + 3*b = 32. What is the remainder when (m + (-32)/6)/(73/(-3504)) is divided by x?
22
Let v(d) = 29*d**3 - d**2 + d + 1. Let c be v(-1). Suppose 3*n + 205 - 319 = 0. Let t = n + c. What is the remainder when 12 is divided by t?
4
Suppose 0 = 17*q - 12*q + 330. Let t be 12/q + (-105)/(-33). Let m = t - -31. What is the remainder when 134 is divided by m?
32
Let b(k) = 13*k**2 - 7*k + 6. Let w(y) = -y - 11. Suppose -4*c + 3*c = 12. Let r be w(c). What is the remainder when 45 is divided by b(r)?
9
Let x(p) = p**3 - p**2 + 9*p - 7. Let s be x(6). Suppose 4*d + 71 = s. Suppose 27*t - 39*t + 168 = 0. What is the remainder when d is divided by t?
11
Suppose -c = 3*y + 1 - 13, 4*y + 3*c = 16. Suppose -3*k - 5*l = -y*k - 43, 2*k + 72 = 3*l. Let m = 52 + k. What is the remainder when m is divided by 6?
1
Let i(l) be the third derivative of l**5/30 - l**4/12 - l**3/3 - 3*l**2. Suppose 30 = 8*v + 6. What is the remainder when i(v) is divided by 7?
3
Let l(p) = 2*p + 2. Let y(g) = 121*g + 33. Let a(k) = 22*l(k) - y(k). Calculate the remainder when a(-8) is divided by 45.
42
Let p = 70 - 784. Let g = 750 + p. Calculate the remainder when 140 is divided by g.
32
Let o be 224 + 12*(-14)/(-21). Calculate the remainder when o/1 - ((-108)/9 + 9) is divided by 14.
11
Let q(d) = -14*d - 2. Let j(m) = -14*m - 2. Let b(u) = -5*j(u) + 4*q(u). Supp